
Is 32647 a composite number?
False
Is 4249 a composite number?
True
Is 317 a prime number?
True
Is 463945 a composite number?
True
Is 1269519 a prime number?
False
Is 10779 composite?
True
Is 14285 a composite number?
True
Is 4691 prime?
True
Is 11183 a composite number?
True
Is 56033 composite?
True
Is 37733 a composite number?
True
Is 69 a composite number?
True
Is 696197 prime?
False
Is 3251 a prime number?
True
Is 33809 prime?
True
Is 15109 a composite number?
True
Is 5489 a prime number?
False
Is 147817 composite?
True
Is 47326 a prime number?
False
Is 3823 a prime number?
True
Is 662713 prime?
True
Is 640754 prime?
False
Is 17863 a composite number?
False
Is 45281 a composite number?
False
Is 22141 a prime number?
False
Is 941569 composite?
True
Is 52051 composite?
False
Is 55967 a prime number?
True
Is 3313 a prime number?
True
Is 94853 a composite number?
True
Is 1159 composite?
True
Is 11437 prime?
True
Is 44483 a composite number?
False
Is 2048627 a composite number?
True
Is 941 prime?
True
Is 54633 composite?
True
Is 924827 prime?
True
Is 58601 composite?
False
Is 536423 composite?
False
Is 51049 prime?
False
Is 212519 prime?
False
Is 59137 a prime number?
False
Is 43391 a prime number?
True
Is 3161 a composite number?
True
Is 17291 a composite number?
False
Is 79819 a prime number?
False
Is 484469 prime?
False
Is 395171 a composite number?
True
Is 644547 a prime number?
False
Is 483373 a composite number?
True
Is 1492081 a composite number?
True
Is 2293 composite?
False
Is 26597 a composite number?
False
Is 2245 prime?
False
Is 266843 a prime number?
False
Is 549715 a prime number?
False
Is 42887 composite?
True
Is 11143 prime?
False
Is 356271 composite?
True
Is 2053 prime?
True
Is 512873 composite?
True
Is 3739 prime?
True
Is 81053 a prime number?
False
Is 63569 a prime number?
False
Is 85857 a prime number?
False
Is 678809 a prime number?
True
Is 128181 a prime number?
False
Is 16613 a prime number?
False
Is 612439 composite?
False
Is 37941 a composite number?
True
Is 321041 a composite number?
True
Is 66161 a prime number?
True
Is 280011 a composite number?
True
Is 1525561 prime?
True
Is 413 prime?
False
Is 6467 a composite number?
True
Is 117953 a composite number?
True
Is 13081 prime?
False
Is 707367 a prime number?
False
Is 15601 composite?
False
Is 23957 a composite number?
False
Is 730817 composite?
True
Is 10547 prime?
False
Is 9662 composite?
True
Is 138721 a composite number?
True
Is 72211 composite?
False
Is 395231 composite?
False
Is 487 a prime number?
True
Is 3491 composite?
False
Is 338423 a prime number?
True
Is 56381 a prime number?
False
Is 1931 prime?
True
Is 16291 composite?
True
Is 23741 composite?
False
Is 233939 a prime number?
True
Is 1710383 a composite number?
False
Is 47659 a prime number?
True
Is 1171 composite?
False
Is 47249 a composite number?
True
Is 50357 a composite number?
True
Is 101419 composite?
False
Is 2391449 composite?
False
Is 18485 a prime number?
False
Is 134639 a composite number?
False
Is 444513 a prime number?
False
Is 566301 prime?
False
Is 667 a prime number?
False
Is 6899 prime?
True
Is 337 prime?
True
Is 12451 prime?
True
Is 248509 a prime number?
True
Is 2093869 prime?
True
Is 15089 a composite number?
True
Is 1533083 composite?
False
Is 5261 prime?
True
Is 126631 prime?
True
Is 18023 a composite number?
True
Is 39877 a prime number?
True
Is 40151 prime?
True
Is 1594 composite?
True
Is 2229707 prime?
False
Is 958861 a prime number?
False
Is 5833 a prime number?
False
Is 19277 a prime number?
False
Is 153607 a prime number?
True
Is 28073 composite?
True
Is 366287 composite?
False
Is 9469 a composite number?
True
Is 119993 a prime number?
True
Is 11927 prime?
True
Is 104231 a composite number?
False
Is 4169 a prime number?
False
Is 53591 a composite number?
False
Is 68977 prime?
False
Is 233362 composite?
True
Is 1474633 a prime number?
True
Is 248983 composite?
True
Is 44927 prime?
True
Is 12577 prime?
True
Is 28789 prime?
True
Is 1903 composite?
True
Is 197237 a composite number?
True
Is 11771 composite?
True
Is 14039669 prime?
False
Is 372469 a prime number?
False
Is 37043 a prime number?
False
Is 456809 composite?
False
Is 110681 a prime number?
True
Is 10739 composite?
False
Is 15227 a prime number?
True
Is 9913 prime?
False
Is 104847 a prime number?
False
Is 51671 prime?
False
Is 40709 a composite number?
False
Is 3299 composite?
False
Is 2359 prime?
False
Is 1183667 a composite number?
True
Is 150899 composite?
True
Is 144583 a prime number?
True
Is 11677 a composite number?
False
Is 31379 prime?
True
Is 12323 a prime number?
True
Is 82591 a composite number?
False
Is 565553 composite?
False
Is 18663 a prime number?
False
Is 10831 composite?
False
Is 124727 composite?
True
Is 354751 a composite number?
False
Is 395089 prime?
True
Is 44633 prime?
True
Is 1503601 a composite number?
True
Is 513899 a prime number?
True
Is 87469 a prime number?
False
Is 301177 a composite number?
False
Is 28799 a prime number?
False
Is 11185 composite?
True
Is 170099 a prime number?
True
Is 161969 a prime number?
True
Is 191657 a composite number?
False
Is 7103 composite?
False
Is 1654267 prime?
True
Is 175379 prime?
False
Is 90011 composite?
False
Is 23413 composite?
True
Is 50909 composite?
False
Is 561829 a composite number?
False
Is 2129 composite?
False
Is 21647 composite?
False
Is 66751 a prime number?
True
Is 41573 composite?
True
Is 294917 a prime number?
False
Is 1727 a prime number?
False
Is 815909 composite?
True
Is 2203 a composite number?
False
Is 471813 composite?
True
Is 24142 a composite number?
True
Is 117427 a prime number?
True
Is 88861 a prime number?
True
Is 21101 a prime number?
True
Is 9523 prime?
False
Is 11962 composite?
True
Is 14395 a prime number?
False
Is 12929 composite?
True
Is 703 a composite number?
True
Is 42373 a prime number?
True
Is 37393 a prime number?
False
Is 78423 a prime number?
False
Is 74117 a prime number?
False
Is 4659287 a composite number?
False
Is 4195 prime?
False
Is 127 a prime number?
True
Is 4265 prime?
False
Is 39439 a prime number?
True
Is 3979 composite?
True
Is 52051 composite?
False
Is 917 prime?
False
Is 98611 composite?
True
Is 959207 a composite number?
False
Is 202261 a prime number?
False
Is 1757 composite?
True
Is 83917 prime?
False
Is 25013 a prime number?
True
Is 28321 composite?
True
Is 11801 prime?
True
Is 582883 a composite number?
True
Is 187123 a prime number?
True
Is 47986 prime?
False
Is 26777 composite?
False
Is 363871 a composite number?
False
Is 29905 a prime number?
False
Is 12569 a prime number?
True
Is 72778 a prime number?
False
Is 14441 composite?
True
Is 684791 composite?
False
Is 44347 prime?
False
Is 94895 composite?
True
Is 557413 a composite number?
True
Is 13771 a prime number?
False
Is 173137 composite?
False
Is 24394 composite?
True
Is 117101 a prime number?
True
Is 1458659 a composite number?
False
Is 1205486 composite?
True
Is 8191 a prime number?
True
Is 8887 a composite number?
False
Is 3754 composite?
True
Is 19949 prime?
True
Is 55565 composite?
True
Is 11751 prime?
False
Is 1147307 a composite number?
True
Is 13649 composite?
False
Is 325301 a prime number?
True
Is 38033 a prime number?
False
Is 8513 a prime number?
True
Is 4201 composite?
False
Is 2771 a prime number?
False
Is 426841 a composite number?
False
Is 1399 prime?
True
Is 2281 a composite number?
False
Is 7993 a composite number?
False
Is 4931 a composite number?
False
Is 8857 a composite number?
True
Is 58966 a prime number?
False
Is 3151 prime?
False
Is 13963 prime?
True
Is 2567671 a composite number?
False
Is 1817 a prime number?
False
Is 5131 a prime number?
False
Is 53771 composite?
True
Is 161569 a composite number?
False
Is 10961 a prime number?
False
Is 5167 prime?
True
Is 80963 a prime number?
True
Is 8657 composite?
True
Is 84011 prime?
True
Is 48959 a composite number?
True
Is 7061 a composite number?
True
Is 278657 a prime number?
False
Is 401113 prime?
True
Is 879 a prime number?
False
Is 44809 prime?
True
Is 498794 composite?
True
Is 5447 a composite number?
True
Is 56039 composite?
False
Is 6229 prime?
True
Is 53771 prime?
False
Is 500153 composite?
False
Is 678061 a prime number?
True
Is 21943 composite?
False
Is 909